ime number?
True
Is 470837 a composite number?
False
Is 11897 a composite number?
False
Is 12829 prime?
True
Is 35333 a composite number?
True
Is 2036929 prime?
True
Is 85691 a composite number?
False
Is 37129 a prime number?
False
Is 249703 a prime number?
True
Is 2000753 a prime number?
True
Is 289937 composite?
False
Is 1361 composite?
False
Is 666538 a composite number?
True
Is 1448989 composite?
False
Is 156911 prime?
False
Is 1574629 composite?
True
Is 1155001 a prime number?
True
Is 557 prime?
True
Is 20569 a composite number?
True
Is 246407 composite?
True
Is 28473 a composite number?
True
Is 23263 prime?
False
Is 12929 a composite number?
True
Is 718259 a prime number?
True
Is 1841 a prime number?
False
Is 138289 prime?
True
Is 149983 composite?
True
Is 29059 a prime number?
True
Is 191861 prime?
True
Is 415178 a composite number?
True
Is 20849 composite?
False
Is 27011 a prime number?
True
Is 132347 a prime number?
True
Is 12913 a prime number?
False
Is 337191 prime?
False
Is 29611 a composite number?
False
Is 1657 a composite number?
False
Is 4757 a prime number?
False
Is 70373 a prime number?
True
Is 2371 a prime number?
True
Is 436094 a composite number?
True
Is 83245 a prime number?
False
Is 409 prime?
True
Is 21781 a composite number?
True
Is 18661 a prime number?
True
Is 3313 prime?
True
Is 200435 prime?
False
Is 7397 a prime number?
False
Is 175657 a composite number?
True
Is 5747 a composite number?
True
Is 138365 composite?
True
Is 8101 composite?
False
Is 157589 a prime number?
False
Is 30269 a prime number?
True
Is 32399 a prime number?
False
Is 172793 a prime number?
False
Is 309061 composite?
True
Is 619603 composite?
False
Is 319 prime?
False
Is 80309 a prime number?
True
Is 11251 a prime number?
True
Is 49273 composite?
True
Is 26279 composite?
True
Is 126169 prime?
False
Is 53657 a prime number?
True
Is 174481 prime?
True
Is 21961 composite?
False
Is 103 prime?
True
Is 673 a prime number?
True
Is 56857 a composite number?
False
Is 628831 composite?
True
Is 26294 a prime number?
False
Is 2206967 a prime number?
False
Is 109423 a composite number?
False
Is 5219 a prime number?
False
Is 451 prime?
False
Is 1086887 composite?
True
Is 21073 prime?
False
Is 106549 composite?
True
Is 297223 a composite number?
True
Is 485881 composite?
True
Is 102829 a composite number?
False
Is 5773 a prime number?
False
Is 45647 a prime number?
False
Is 15959 composite?
False
Is 86885 prime?
False
Is 2454482 prime?
False
Is 1829 a composite number?
True
Is 4817 composite?
False
Is 1801 prime?
True
Is 85759 a prime number?
False
Is 224767 a composite number?
True
Is 2040683 a prime number?
False
Is 729257 prime?
True
Is 158062 composite?
True
Is 6617045 a composite number?
True
Is 254083 a prime number?
True
Is 36089 a composite number?
True
Is 12319 a composite number?
True
Is 16771 a prime number?
False
Is 3722 a prime number?
False
Is 16333 prime?
True
Is 26093 composite?
True
Is 11959 a composite number?
False
Is 23623 a prime number?
True
Is 6959 prime?
True
Is 643767 composite?
True
Is 121477 composite?
True
Is 16387 a composite number?
True
Is 2438971 a prime number?
False
Is 28189 a composite number?
True
Is 26591 composite?
False
Is 4139 a prime number?
True
Is 27011 a prime number?
True
Is 10753 prime?
True
Is 485 composite?
True
Is 195095 composite?
True
Is 51581 prime?
True
Is 2183 prime?
False
Is 1158257 prime?
False
Is 7621 a prime number?
True
Is 36591 composite?
True
Is 2215 a prime number?
False
Is 21683 a prime number?
True
Is 49 a composite number?
True
Is 464801 a composite number?
False
Is 48437 a prime number?
True
Is 5227 composite?
False
Is 606147 prime?
False
Is 2610701 a prime number?
True
Is 180137 prime?
True
Is 79181 a prime number?
True
Is 9511 prime?
True
Is 27637 a composite number?
True
Is 880157 composite?
True
Is 5557 a composite number?
False
Is 95905 a prime number?
False
Is 182719 prime?
False
Is 64289 composite?
True
Is 268357 composite?
True
Is 2883433 composite?
True
Is 679 composite?
True
Is 183257 prime?
False
Is 137639 composite?
False
Is 2080121 a prime number?
True
Is 594565 a prime number?
False
Is 80471 a composite number?
False
Is 15335 prime?
False
Is 170537 prime?
True
Is 13117 composite?
True
Is 2707 a prime number?
True
Is 31009 a prime number?
False
Is 43385 a prime number?
False
Is 18623 a prime number?
False
Is 14113 a prime number?
False
Is 8817 a prime number?
False
Is 250489 composite?
False
Is 23971 a prime number?
True
Is 892067 prime?
False
Is 24383 prime?
False
Is 511174 prime?
False
Is 1949 a composite number?
False
Is 392542 prime?
False
Is 77831 prime?
False
Is 130091 composite?
True
Is 5666 a prime number?
False
Is 119507 a composite number?
True
Is 11159 composite?
False
Is 183871 a prime number?
True
Is 557 composite?
False
Is 85205 a composite number?
True
Is 288493 a prime number?
True
Is 11521 composite?
True
Is 619657 a prime number?
True
Is 52991 prime?
False
Is 46219 a composite number?
False
Is 83461 composite?
True
Is 111311 composite?
True
Is 182291 a composite number?
True
Is 4502 composite?
True
Is 163351 a composite number?
False
Is 1277846 a composite number?
True
Is 7343 prime?
False
Is 57059 a composite number?
False
Is 2039 prime?
True
Is 495923 prime?
True
Is 61207 a prime number?
False
Is 2863747 composite?
True
Is 19939 a composite number?
True
Is 311117 a composite number?
True
Is 161767 composite?
True
Is 10055 a composite number?
True
Is 829709 composite?
False
Is 1249 a composite number?
False
Is 14797 a composite number?
False
Is 8727 a prime number?
False
Is 165307 a prime number?
False
Is 18983 composite?
True
Is 1497 a prime number?
False
Is 922859 composite?
True
Is 31661 a composite number?
True
Is 11969 prime?
True
Is 11197 a composite number?
False
Is 46117 prime?
False
Is 26443 prime?
False
Is 152179 prime?
False
Is 100643 composite?
True
Is 2493053 prime?
True
Is 103433 a composite number?
True
Is 17503 a prime number?
False
Is 49069 composite?
False
Is 7523 composite?
False
Is 185243 prime?
True
Is 1063379 a prime number?
True
Is 136687 composite?
True
Is 32839 a composite number?
False
Is 24763 prime?
True
Is 11599 prime?
False
Is 102369 a composite number?
True
Is 39673 a prime number?
False
Is 145879 composite?
False
Is 235213 a composite number?
True
Is 13781 composite?
False
Is 815153 prime?
False
Is 23143 a composite number?
False
Is 29461 a prime number?
False
Is 29603 a prime number?
False
Is 186551 prime?
True
Is 349939 prime?
True
Is 430813 a prime number?
False
Is 133817 a prime number?
False
Is 2839 a composite number?
True
Is 1388873 composite?
False
Is 200639 a composite number?
False
Is 765131 a prime number?
True
Is 885101 composite?
True
Is 72151 prime?
False
Is 978047 composite?
True
Is 278459 a composite number?
False
Is 22054 composite?
True
Is 832969 a prime number?
True
Is 88423 composite?
False
Is 4897 prime?
False
Is 182921 prime?
True
Is 850613 a prime number?
True
Is 299603 a prime number?
True
Is 1331093 prime?
True
Is 2493533 a prime number?
False
Is 6779 prime?
True
Is 189591 prime?
False
Is 17653 a composite number?
True
Is 1937 a composite number?
True
Is 4757 prime?
False
Is 5357 a prime number?
False
Is 134569 composite?
True
Is 33841 composite?
True
Is 34031 prime?
True
Is 80737 a composite number?
False
Is 4091 a composite number?
False
Is 529021 a composite number?
True
Is 333731 a prime number?
False
Is 381737 prime?
True
Is 3506 a prime number?
False
Is 34334 composite?
True
Is 76207 a composite number?
False
Is 659 composite?
False
Is 151079 a composite number?
True
Is 19529 prime?
False
Is 16733 composite?
True
Is 1200061 prime?
True
Is 454 a composite number?
True
Is 9869 prime?
False
Is 270383 prime?
False
Is 129161 a prime number?
False
Is 26903 prime?
True
Is 2081 a composite number?
False
Is 18847 a prime number?
False
Is 12653 a prime number?
True
Is 996301 composite?
False
Is 1299631 a prime number?
True
Is 11657 a composite number?
False
Is 25997 a composite number?
False
Is 560909 a prime number?
False
Is 3935 a prime number?
False
Is 161021 composite?
True
Is 6959 prime?
True
Is 3497 a prime number?
False
Is 100246 prime?
False
Is 84433 a prime number?
False
Is 2371 composite?
False
Is